{"id":5162,"date":"2024-11-26T09:24:56","date_gmt":"2024-11-26T12:24:56","guid":{"rendered":"https:\/\/www.jbconsultoria.adv.br\/site\/?post_type=product&#038;p=5162"},"modified":"2024-11-26T10:22:32","modified_gmt":"2024-11-26T13:22:32","slug":"galeria-teste-01","status":"publish","type":"product","link":"https:\/\/www.jbconsultoria.adv.br\/site\/produto\/galeria-teste-01\/","title":{"rendered":"Curso de Controle e Fiscaliza\u00e7\u00e3o na Administra\u00e7\u00e3o P\u00fablica"},"content":{"rendered":"<p style=\"text-align: justify;\">Com \u00eanfase nos Contratosde Gest\u00e3o e no Regime das Parcerias Volunt\u00e1rias, realizado no Tribunal de Contas do Estado do Piau\u00ed \u2013 TCE\/PI \u2013 2019.<\/p>\n","protected":false},"excerpt":{"rendered":"<p>Com \u00eanfase nos Contratosde Gest\u00e3o e no Regime das Parcerias Volunt\u00e1rias, realizado no Tribunal de Contas do Estado do Piau\u00ed \u2013 TCE\/PI \u2013 2019.<\/p>\n","protected":false},"featured_media":5165,"template":"","meta":[],"product_cat":[23],"product_tag":[],"class_list":{"0":"post-5162","1":"product","2":"type-product","3":"status-publish","4":"has-post-thumbnail","6":"product_cat-todos-produtos","8":"first","9":"instock","10":"shipping-taxable","11":"product-type-simple"},"_links":{"self":[{"href":"https:\/\/www.jbconsultoria.adv.br\/site\/wp-json\/wp\/v2\/product\/5162","targetHints":{"allow":["GET"]}}],"collection":[{"href":"https:\/\/www.jbconsultoria.adv.br\/site\/wp-json\/wp\/v2\/product"}],"about":[{"href":"https:\/\/www.jbconsultoria.adv.br\/site\/wp-json\/wp\/v2\/types\/product"}],"version-history":[{"count":4,"href":"https:\/\/www.jbconsultoria.adv.br\/site\/wp-json\/wp\/v2\/product\/5162\/revisions"}],"predecessor-version":[{"id":5170,"href":"https:\/\/www.jbconsultoria.adv.br\/site\/wp-json\/wp\/v2\/product\/5162\/revisions\/5170"}],"wp:featuredmedia":[{"embeddable":true,"href":"https:\/\/www.jbconsultoria.adv.br\/site\/wp-json\/wp\/v2\/media\/5165"}],"wp:attachment":[{"href":"https:\/\/www.jbconsultoria.adv.br\/site\/wp-json\/wp\/v2\/media?parent=5162"}],"wp:term":[{"taxonomy":"product_cat","embeddable":true,"href":"https:\/\/www.jbconsultoria.adv.br\/site\/wp-json\/wp\/v2\/product_cat?post=5162"},{"taxonomy":"product_tag","embeddable":true,"href":"https:\/\/www.jbconsultoria.adv.br\/site\/wp-json\/wp\/v2\/product_tag?post=5162"}],"curies":[{"name":"wp","href":"https:\/\/api.w.org\/{rel}","templated":true}]}}